greatest common divisor of 1138 and 10058782.
1138
What is the highest common factor of 5 and 3930320?
5
Calculate the highest common divisor of 64 and 923344.
16
Calculate the highest common factor of 49128 and 1173.
69
What is the greatest common divisor of 1340970 and 30?
30
What is the greatest common divisor of 34596 and 24?
12
Calculate the highest common factor of 1938 and 1824.
114
What is the highest common divisor of 41302 and 386?
386
Calculate the greatest common divisor of 6398 and 714.
14
What is the greatest common factor of 676364 and 156?
52
What is the highest common divisor of 11120 and 40?
40
Calculate the greatest common factor of 124256 and 220.
44
What is the highest common factor of 5931 and 37563?
1977
Calculate the highest common factor of 400 and 16160.
80
What is the greatest common divisor of 2 and 14515?
1
Calculate the highest common factor of 115037 and 13.
13
What is the highest common factor of 336735 and 3?
3
What is the highest common divisor of 8497 and 29609?
29
What is the highest common factor of 84 and 114394?
14
What is the highest common factor of 1856 and 5162?
58
What is the highest common factor of 5476410 and 90?
90
What is the greatest common divisor of 11327 and 3133?
241
What is the greatest common divisor of 2286 and 3269488?
254
What is the greatest common factor of 125096 and 304?
152
What is the greatest common factor of 2406 and 354?
6
Calculate the highest common divisor of 354 and 505158.
354
Calculate the greatest common divisor of 34504 and 221552.
1816
What is the greatest common divisor of 1628 and 137196?
148
Calculate the highest common factor of 220820 and 180.
20
What is the greatest common divisor of 6357144 and 48?
24
Calculate the greatest common divisor of 5295 and 331467.
1059
Calculate the highest common divisor of 4416 and 44712.
552
What is the greatest common factor of 417758 and 935?
187
What is the highest common factor of 98 and 16114?
14
What is the greatest common divisor of 17227 and 353528?
749
What is the highest common factor of 1075563 and 4572?
1143
Calculate the greatest common factor of 5019 and 24617.
239
Calculate the highest common factor of 10704 and 2304.
48
What is the greatest common divisor of 109850 and 72?
2
Calculate the highest common factor of 41373 and 45.
9
What is the greatest common divisor of 2065 and 110845?
35
Calculate the greatest common factor of 44308 and 106.
106
What is the highest common divisor of 2613 and 42393?
39
What is the greatest common factor of 924 and 11616?
132
What is the highest common factor of 5368 and 28609?
61
What is the greatest common divisor of 25729 and 33?
11
What is the greatest common divisor of 24 and 61592?
8
Calculate the greatest common divisor of 10634 and 119837.
409
What is the highest common divisor of 1459 and 8?
1
Calculate the highest common factor of 151200 and 875.
175
What is the highest common divisor of 57827 and 18775?
751
What is the greatest common divisor of 9350 and 57695?
55
What is the greatest common divisor of 4184 and 104?
8
Calculate the highest common divisor of 114520 and 5320.
280
Calculate the highest common divisor of 7174 and 442.
34
What is the greatest common divisor of 572770 and 943?
41
What is the highest common factor of 737 and 137551?
67
What is the greatest common factor of 13395 and 21855?
705
What is the greatest common factor of 405 and 243?
81
What is the highest common factor of 3624 and 2136?
24
What is the highest common divisor of 79487 and 101?
101
Calculate the greatest common factor of 376 and 2632.
376
What is the highest common factor of 2925 and 43550?
325
Calculate the greatest common divisor of 2275 and 5950.
175
Calculate the highest common factor of 16362 and 648.
162
Calculate the highest common divisor of 256 and 804544.
64
Calculate the highest common divisor of 545636 and 455.
91
What is the greatest common factor of 33210 and 10854?
162
What is the highest common divisor of 560 and 670?
10
What is the highest common divisor of 210390 and 16?
2
Calculate the highest common factor of 808 and 26260.
404
Calculate the highest common divisor of 4597139 and 148.
37
What is the greatest common divisor of 1760160 and 579?
579
What is the highest common divisor of 63819 and 133?
7
Calculate the highest common divisor of 80106 and 10816.
338
What is the greatest common divisor of 1245 and 60?
15
Calculate the highest common factor of 5625 and 2000.
125
Calculate the highest common factor of 136445 and 95.
5
Calculate the highest common factor of 70455 and 7.
7
Calculate the greatest common factor of 91 and 13664.
7
Calculate the highest common factor of 455 and 129395.
35
Calculate the highest common divisor of 59681 and 6623.
37
Calculate the greatest common divisor of 456876 and 504.
252
What is the highest common factor of 18 and 31074?
6
What is the highest common divisor of 380 and 2930?
10
Calculate the highest common factor of 1894023 and 804.
201
What is the highest common factor of 106925 and 13?
13
Calculate the highest common factor of 6344 and 832.
104
What is the highest common factor of 3736889 and 17?
17
Calculate the highest common factor of 225 and 44874.
9
What is the greatest common factor of 123736 and 88?
8
What is the greatest common factor of 168 and 91805?
7
What is the highest common factor of 76 and 32870?
38
What is the highest common factor of 140 and 23500?
20
What is the highest common factor of 8550 and 10811?
19
What is the greatest common factor of 49 and 1448881?
49
What is the greatest common divisor of 48 and 7368?
24
Calculate the highest common factor of 196153 and 583.
53
Calculate the highest common divisor of 145071 and 4347.
27
What is the greatest common factor of 2470520 and 130?
130
What is the greatest common divisor of 4792 and 104?
8
What is the highest common factor of 3895 and 4750?
95
What is the highest common factor of 1019 and 83?
1
Calculate the highest common factor of 782865 and 54.
27
Calculate the greatest common divisor of 3300 and 2948.
44
What is the greatest common factor of 298870 and 760?
190
Calculate the highest common divisor of 33884 and 172.
172
What is the greatest common factor of 1392012 and 216?
108
Calculate the greatest common factor of 45 and 118539.
9
Calculate the highest common factor of 1337 and 3202115.
1337
What is the greatest common factor of 442 and 176254?
26
Calculate the greatest common factor of 143586 and 1080.
54
Calculate the highest common factor of 11975 and 2.
1
Calculate the highest common divisor of 8 and 103112.
8
What is the highest common factor of 130377 and 4446?
39
Calculate the greatest common divisor of 180846 and 408.
102
What is the highest common factor of 122018 and 76?
38
Calculate the highest common factor of 2523 and 6.
3
Calculate the greatest common factor of 3618 and 1026.
54
What is the greatest common factor of 15462 and 4086?
18
Calculate the greatest common factor of 126 and 31038.
42
What is the highest common factor of 21 and 208362?
21
Calculate the highest common divisor of 50749 and 57.
19
What is the greatest common divisor of 49 and 230713?
7
Calculate the highest common divisor of 882 and 105889.
49
Calculate the greatest common factor of 46 and 5120.
2
Calculate the highest common divisor of 173 and 62107.
173
What is the greatest common divisor of 1220 and 47092?
244
Calculate the greatest common factor of 43 and 363221.
43
What is the highest common divisor of 3598 and 9478?
14
What is the greatest common divisor of 1794 and 2323?
23
What is the highest common factor of 2041 and 8792?
157
Calculate the highest common divisor of 2356 and 212629.
589
Calculate the highest common factor of 79048 and 17352.
1928
What is the greatest common divisor of 188 and 372851?
47
Calculate the greatest common divisor of 147162 and 42.
6
Calculate the greatest common divisor of 300 and 123650.
50
What is the greatest common divisor of 432 and 7872?
48
What is the greatest common divisor of 688 and 338152?
344
Calculate the highest common factor of 8826 and 114.
6
What is the greatest common factor of 279 and 9549?
9
What is the highest common divisor of 197877 and 27?
3
Calculate the greatest common divisor of 9 and 10633.
1
Calculate